{"id":190,"date":"2024-08-20T08:08:50","date_gmt":"2024-08-20T08:08:50","guid":{"rendered":"https:\/\/rollerhomechile.cl\/?page_id=190"},"modified":"2024-08-20T08:10:00","modified_gmt":"2024-08-20T08:10:00","slug":"terminos-y-condiciones-de-uso","status":"publish","type":"page","link":"https:\/\/rollerhomechile.cl\/?page_id=190","title":{"rendered":"T\u00e9rminos y Condiciones de Uso"},"content":{"rendered":"<p><strong>T\u00e9rminos y Condiciones de Uso<\/strong><\/p><p>Bienvenido\/a a www.rollerhome.cl Estos t\u00e9rminos y condiciones regulan el uso de nuestro sitio web. Al acceder y utilizar este sitio web, aceptas cumplir con estos t\u00e9rminos y condiciones en su totalidad. Si no est\u00e1s de acuerdo con alguna parte de estos t\u00e9rminos, por favor abstente de usar nuestro sitio.<\/p><p><strong>Uso del Sitio Web<\/strong><\/p><ol class=\"wp-block-list\"><li>El contenido del sitio web es solo para informaci\u00f3n general y puede cambiar sin previo aviso.<\/li>\n\n<li>Ni nosotros ni terceros proporcionamos garant\u00eda alguna sobre la precisi\u00f3n, puntualidad, rendimiento, integridad o adecuaci\u00f3n de la informaci\u00f3n y materiales encontrados u ofrecidos en este sitio para un prop\u00f3sito particular. Eres consciente de que dicha informaci\u00f3n y materiales pueden contener imprecisiones o errores y nosotros excluimos expresamente la responsabilidad por tales imprecisiones o errores en la m\u00e1xima medida permitida por la ley.<\/li>\n\n<li>El uso de cualquier informaci\u00f3n o material en este sitio web es bajo tu propio riesgo, por lo cual no nos hacemos responsables.<\/li><\/ol><p><strong>Propiedad Intelectual<\/strong><\/p><ol class=\"wp-block-list\"><li>Este sitio web contiene material que es propiedad nuestra o que tenemos licencia para su uso. Este material incluye, pero no se limita a, el dise\u00f1o, la disposici\u00f3n, la apariencia, los gr\u00e1ficos y los textos. La reproducci\u00f3n est\u00e1 prohibida salvo de acuerdo con el aviso de copyright, que forma parte de estos t\u00e9rminos y condiciones.<\/li>\n\n<li>Todas las marcas registradas reproducidas en este sitio web que no son propiedad o est\u00e1n licenciadas por el operador est\u00e1n reconocidas en el sitio web.<\/li><\/ol><p><strong>Enlaces a Otros Sitios Web<\/strong><\/p><ol class=\"wp-block-list\"><li>Nuestro sitio web puede contener enlaces a otros sitios web de inter\u00e9s. Sin embargo, una vez que hayas utilizado estos enlaces para salir de nuestro sitio, debes tener en cuenta que no tenemos ning\u00fan control sobre ese otro sitio web. Por lo tanto, no podemos ser responsables de la protecci\u00f3n y privacidad de cualquier informaci\u00f3n que proporciones al visitar dichos sitios, y estos no se rigen por esta declaraci\u00f3n de privacidad. Debes tener cuidado y leer la declaraci\u00f3n de privacidad aplicable al sitio web en cuesti\u00f3n.<\/li><\/ol><p><strong>Modificaciones<\/strong><\/p><ol class=\"wp-block-list\"><li>Nos reservamos el derecho de modificar estos t\u00e9rminos y condiciones en cualquier momento. Los cambios tendr\u00e1n efecto inmediatamente despu\u00e9s de la publicaci\u00f3n en el sitio web. Es tu responsabilidad revisar peri\u00f3dicamente estos t\u00e9rminos y condiciones para asegurarte de que est\u00e1s de acuerdo con ellos.<\/li><\/ol><p><strong>Contacto<\/strong><\/p><p>Si tienes alguna pregunta sobre estos t\u00e9rminos y condiciones, por favor cont\u00e1ctanos a nuestro WhatsApp o ventas@rollerhomec.cl<\/p><p>Estos t\u00e9rminos y condiciones fueron actualizados el 20-08-2024<\/p>","protected":false},"excerpt":{"rendered":"<p>T\u00e9rminos y Condiciones de Uso Bienvenido\/a a www.rollerhome.cl Estos t\u00e9rminos y condiciones regulan el uso de nuestro sitio web. Al acceder y utilizar este sitio web, aceptas cumplir con estos t\u00e9rminos y condiciones en su totalidad. Si no est\u00e1s de acuerdo con alguna parte de estos t\u00e9rminos, por favor abstente de usar nuestro sitio. Uso [&hellip;]<\/p>\n","protected":false},"author":1,"featured_media":0,"parent":0,"menu_order":0,"comment_status":"closed","ping_status":"closed","template":"","meta":{"footnotes":""},"class_list":["post-190","page","type-page","status-publish","hentry"],"_links":{"self":[{"href":"https:\/\/rollerhomechile.cl\/index.php?rest_route=\/wp\/v2\/pages\/190","targetHints":{"allow":["GET"]}}],"collection":[{"href":"https:\/\/rollerhomechile.cl\/index.php?rest_route=\/wp\/v2\/pages"}],"about":[{"href":"https:\/\/rollerhomechile.cl\/index.php?rest_route=\/wp\/v2\/types\/page"}],"author":[{"embeddable":true,"href":"https:\/\/rollerhomechile.cl\/index.php?rest_route=\/wp\/v2\/users\/1"}],"replies":[{"embeddable":true,"href":"https:\/\/rollerhomechile.cl\/index.php?rest_route=%2Fwp%2Fv2%2Fcomments&post=190"}],"version-history":[{"count":2,"href":"https:\/\/rollerhomechile.cl\/index.php?rest_route=\/wp\/v2\/pages\/190\/revisions"}],"predecessor-version":[{"id":193,"href":"https:\/\/rollerhomechile.cl\/index.php?rest_route=\/wp\/v2\/pages\/190\/revisions\/193"}],"wp:attachment":[{"href":"https:\/\/rollerhomechile.cl\/index.php?rest_route=%2Fwp%2Fv2%2Fmedia&parent=190"}],"curies":[{"name":"wp","href":"https:\/\/api.w.org\/{rel}","templated":true}]}}