{"id":259,"date":"2024-08-30T03:38:36","date_gmt":"2024-08-30T03:38:36","guid":{"rendered":"https:\/\/rollerhomechile.cl\/?page_id=259"},"modified":"2026-01-07T20:23:59","modified_gmt":"2026-01-07T20:23:59","slug":"pagos","status":"publish","type":"page","link":"https:\/\/rollerhomechile.cl\/?page_id=259","title":{"rendered":"Pagos"},"content":{"rendered":"<h4 class=\"wp-block-heading has-mono-2-color has-text-color has-link-color has-superbfont-medium-font-size wp-elements-750b9cb294e6382f7d6aa04908ee6aae\"><strong>\u00a1Realiza tus pagos aqu\u00ed!<\/strong><\/h4><p class=\"has-mono-2-color has-text-color has-link-color wp-elements-554e6400d4577a5029bb5db4ed3cc8ec\"><strong>Ingresa al medio de pago correspondiente a tu regi\u00f3n<\/strong>.<\/p><div class=\"wp-block-columns is-layout-flex wp-container-core-columns-is-layout-28f84493 wp-block-columns-is-layout-flex\"><div class=\"wp-block-column is-layout-flow wp-block-column-is-layout-flow\" style=\"padding-top:var(--wp--preset--spacing--30);padding-bottom:var(--wp--preset--spacing--40);flex-basis:50%\"><h2 class=\"wp-block-heading has-text-align-center has-mono-2-color has-text-color has-link-color wp-elements-f42f3606a2761097db824a0bccf49be4\" style=\"font-size:clamp(24.034px, 1.502rem + ((1vw - 3.2px) * 1.814), 40px);\"><strong>Zona Norte<\/strong><\/h2>\n\n<h3 class=\"wp-block-heading has-text-align-center has-featured-color has-text-color has-link-color has-superbfont-large-font-size wp-elements-25bbf6a738c95ddbb82b0a215aa8d714\">Antofagasta<\/h3><\/div>\n\n<div class=\"wp-block-column is-layout-flow wp-block-column-is-layout-flow\" style=\"padding-top:var(--wp--preset--spacing--30);padding-bottom:var(--wp--preset--spacing--40);flex-basis:50%\"><figure class=\"wp-block-image aligncenter size-medium is-resized\" style=\"margin-top:var(--wp--preset--spacing--superbspacing-small);margin-bottom:var(--wp--preset--spacing--superbspacing-xsmall)\"><a href=\"https:\/\/micrositios.banchilepagos.cl\/rollerhomechile_5176\"><img loading=\"lazy\" decoding=\"async\" width=\"300\" height=\"56\" src=\"https:\/\/rollerhomechile.cl\/wp-content\/uploads\/2026\/01\/Logotipo_chilepagos-300x56.png\" alt=\"\" class=\"wp-image-885\" style=\"width:266px;height:auto\" srcset=\"https:\/\/rollerhomechile.cl\/wp-content\/uploads\/2026\/01\/Logotipo_chilepagos-300x56.png 300w, https:\/\/rollerhomechile.cl\/wp-content\/uploads\/2026\/01\/Logotipo_chilepagos-768x144.png 768w, https:\/\/rollerhomechile.cl\/wp-content\/uploads\/2026\/01\/Logotipo_chilepagos-600x112.png 600w, https:\/\/rollerhomechile.cl\/wp-content\/uploads\/2026\/01\/Logotipo_chilepagos.png 1000w\" sizes=\"auto, (max-width: 300px) 100vw, 300px\" \/><\/a><\/figure><\/div><\/div><p class=\"has-text-color has-background has-link-color wp-elements-72f2f8c808dfd257c8219d5bafd38826\" style=\"color:#00678a;background-color:#00678a;padding-top:0;padding-bottom:0;font-size:2px\">.<\/p><div class=\"wp-block-columns is-layout-flex wp-container-core-columns-is-layout-12a0b04b wp-block-columns-is-layout-flex\" style=\"padding-top:var(--wp--preset--spacing--40)\"><div class=\"wp-block-column is-layout-flow wp-block-column-is-layout-flow\" style=\"padding-bottom:var(--wp--preset--spacing--30);flex-basis:50%\"><h2 class=\"wp-block-heading has-text-align-center has-mono-2-color has-text-color has-link-color wp-elements-c7e2c6de4f9c9af82688553a35bae809\" style=\"font-size:clamp(24.034px, 1.502rem + ((1vw - 3.2px) * 1.814), 40px);\">Zona Sur<\/h2>\n\n<h3 class=\"wp-block-heading has-text-align-center has-featured-color has-text-color has-link-color has-superbfont-large-font-size wp-elements-3b9fe3d4ac3bb15c6aecf9c0cd487078\">Concepci\u00f3n, Temuco y Puc\u00f3n<\/h3><\/div>\n\n<div class=\"wp-block-column is-layout-flow wp-block-column-is-layout-flow\" style=\"padding-bottom:var(--wp--preset--spacing--30);flex-basis:50%\"><figure class=\"wp-block-image aligncenter size-medium is-resized\" style=\"margin-top:var(--wp--preset--spacing--superbspacing-small);margin-bottom:var(--wp--preset--spacing--superbspacing-xsmall)\"><a href=\"https:\/\/micrositios.banchilepagos.cl\/rollerhomechile_4472\"><img loading=\"lazy\" decoding=\"async\" width=\"300\" height=\"56\" src=\"https:\/\/rollerhomechile.cl\/wp-content\/uploads\/2026\/01\/Logotipo_chilepagos-300x56.png\" alt=\"\" class=\"wp-image-885\" style=\"width:252px;height:auto\" srcset=\"https:\/\/rollerhomechile.cl\/wp-content\/uploads\/2026\/01\/Logotipo_chilepagos-300x56.png 300w, https:\/\/rollerhomechile.cl\/wp-content\/uploads\/2026\/01\/Logotipo_chilepagos-768x144.png 768w, https:\/\/rollerhomechile.cl\/wp-content\/uploads\/2026\/01\/Logotipo_chilepagos-600x112.png 600w, https:\/\/rollerhomechile.cl\/wp-content\/uploads\/2026\/01\/Logotipo_chilepagos.png 1000w\" sizes=\"auto, (max-width: 300px) 100vw, 300px\" \/><\/a><\/figure><\/div><\/div><p><\/p>","protected":false},"excerpt":{"rendered":"<p>\u00a1Realiza tus pagos aqu\u00ed! Ingresa al medio de pago correspondiente a tu regi\u00f3n. Zona Norte Antofagasta . Zona Sur Concepci\u00f3n, Temuco y Puc\u00f3n<\/p>\n","protected":false},"author":1,"featured_media":0,"parent":0,"menu_order":0,"comment_status":"closed","ping_status":"closed","template":"","meta":{"footnotes":""},"class_list":["post-259","page","type-page","status-publish","hentry"],"_links":{"self":[{"href":"https:\/\/rollerhomechile.cl\/index.php?rest_route=\/wp\/v2\/pages\/259","targetHints":{"allow":["GET"]}}],"collection":[{"href":"https:\/\/rollerhomechile.cl\/index.php?rest_route=\/wp\/v2\/pages"}],"about":[{"href":"https:\/\/rollerhomechile.cl\/index.php?rest_route=\/wp\/v2\/types\/page"}],"author":[{"embeddable":true,"href":"https:\/\/rollerhomechile.cl\/index.php?rest_route=\/wp\/v2\/users\/1"}],"replies":[{"embeddable":true,"href":"https:\/\/rollerhomechile.cl\/index.php?rest_route=%2Fwp%2Fv2%2Fcomments&post=259"}],"version-history":[{"count":32,"href":"https:\/\/rollerhomechile.cl\/index.php?rest_route=\/wp\/v2\/pages\/259\/revisions"}],"predecessor-version":[{"id":889,"href":"https:\/\/rollerhomechile.cl\/index.php?rest_route=\/wp\/v2\/pages\/259\/revisions\/889"}],"wp:attachment":[{"href":"https:\/\/rollerhomechile.cl\/index.php?rest_route=%2Fwp%2Fv2%2Fmedia&parent=259"}],"curies":[{"name":"wp","href":"https:\/\/api.w.org\/{rel}","templated":true}]}}